{"id":281,"date":"2016-04-13T13:18:54","date_gmt":"2016-04-13T12:18:54","guid":{"rendered":"http:\/\/207.204.5.11\/echoppe\/?page_id=281"},"modified":"2026-02-05T14:52:51","modified_gmt":"2026-02-05T13:52:51","slug":"accueil","status":"publish","type":"page","link":"https:\/\/robindesbois.org\/echoppe\/","title":{"rendered":"Pour vous et pour Robin des Bois"},"content":{"rendered":"<h3 style=\"text-align: left;\"><strong>Cette \u00e9choppe finance sans fuite les campagnes de l\u2019association Robin des Bois en faveur de l&rsquo;environnement et des populations.<\/strong><\/h3>\n<!--<p><span style=\"color: #ff0000;\"><strong>Message d\u2019information \u2013 Paiement<\/strong><\/span><\/p>\r\n<p>Les paiements par carte bancaire sont temporairement indisponibles pour des raisons techniques.<br \/>Les r\u00e8glements par <strong>ch\u00e8que<\/strong> et <strong>virement bancaire<\/strong> restent possibles.<br \/>Merci de votre compr\u00e9hension.<\/p>-->\n<h4 style=\"text-align: right;\"><\/h4>\n<h2><a href=\"https:\/\/robindesbois.org\/echoppe\/wp-content\/uploads\/2014\/10\/jojoba-robindesbois2.jpg\"><img loading=\"lazy\" decoding=\"async\" class=\"alignleft size-medium wp-image-381\" src=\"https:\/\/robindesbois.org\/echoppe\/wp-content\/uploads\/2014\/10\/jojoba-robindesbois2-300x200.jpg\" alt=\"\" width=\"300\" height=\"200\" srcset=\"https:\/\/robindesbois.org\/echoppe\/wp-content\/uploads\/2014\/10\/jojoba-robindesbois2-300x200.jpg 300w, https:\/\/robindesbois.org\/echoppe\/wp-content\/uploads\/2014\/10\/jojoba-robindesbois2-768x512.jpg 768w, https:\/\/robindesbois.org\/echoppe\/wp-content\/uploads\/2014\/10\/jojoba-robindesbois2-1024x683.jpg 1024w, https:\/\/robindesbois.org\/echoppe\/wp-content\/uploads\/2014\/10\/jojoba-robindesbois2.jpg 1417w\" sizes=\"auto, (max-width: 300px) 100vw, 300px\" \/><\/a>Huile de jojoba bio d&rsquo;Arizona<\/h2>\n<p>Pour la peau, c\u2019est le meilleur moment de la nuit ou de la journ\u00e9e, quand elle re\u00e7oit s\u00e8che ou mouill\u00e9e quelques gouttes de cette huile venue du d\u00e9sert et d\u2019un arbuste aust\u00e8re. Par un de ces miracles dont la nature est coutumi\u00e8re, l\u2019huile de jojoba est analogue au spermaceti des cachalots. Robin des Bois l\u2019aime depuis 1985 et l\u2019associe \u00e0 sa campagne pour la protection des baleines.<\/p>\n<p><strong>Prix gel\u00e9s depuis 10 ans. <\/strong><a href=\"?product=huile-de-jojoba-2\" class=\"woo-sc-button  custom\" style=\"background:grey;border-color:grey\"><span class=\"woo-\">+<\/span><\/a><\/p>\n<h2><a href=\"https:\/\/robindesbois.org\/echoppe\/wp-content\/uploads\/2020\/06\/OO-bernard-Dupont.jpg\"><img loading=\"lazy\" decoding=\"async\" class=\"alignleft size-medium wp-image-1776\" src=\"https:\/\/robindesbois.org\/echoppe\/wp-content\/uploads\/2020\/06\/OO-bernard-Dupont-300x199.jpg\" alt=\"\" width=\"300\" height=\"199\" srcset=\"https:\/\/robindesbois.org\/echoppe\/wp-content\/uploads\/2020\/06\/OO-bernard-Dupont-300x199.jpg 300w, https:\/\/robindesbois.org\/echoppe\/wp-content\/uploads\/2020\/06\/OO-bernard-Dupont.jpg 355w\" sizes=\"auto, (max-width: 300px) 100vw, 300px\" \/><\/a>Faire un don<\/h2>\n<p>Ils veulent couper les arbres, ab\u00eemer les paysages, industrialiser la mer, ressusciter le nucl\u00e9aire. Ils comptent sur les porte-conteneurs et les Monstres des Mers. Ils veulent votre bonheur sur des sites pollu\u00e9s et faire de vous de bons consommateurs trac\u00e9s et link\u00e9s. Ils \u00e9changent de l\u2019huile de palme et des orangs-outans morts contre des Rafale. Ils appr\u00e9cient la violence des corridas.<\/p>\n<p>Ils ont besoin de mod\u00e9rateurs et de contrepoids.<br \/>\nLe mot de passe, c\u2019est Robin des Bois. <a href=\"?product=faire-un-don\" class=\"woo-sc-button  custom\" style=\"background:grey;border-color:grey\"><span class=\"woo-\">+<\/span><\/a><\/p>\n<h2><a href=\"https:\/\/robindesbois.org\/echoppe\/wp-content\/uploads\/2014\/10\/logo-rdb1.jpg\"><img loading=\"lazy\" decoding=\"async\" class=\" wp-image-117 alignleft\" src=\"https:\/\/robindesbois.org\/echoppe\/wp-content\/uploads\/2014\/10\/logo-rdb1.jpg\" alt=\"\" width=\"152\" height=\"150\" srcset=\"https:\/\/robindesbois.org\/echoppe\/wp-content\/uploads\/2014\/10\/logo-rdb1.jpg 251w, https:\/\/robindesbois.org\/echoppe\/wp-content\/uploads\/2014\/10\/logo-rdb1-100x100.jpg 100w\" sizes=\"auto, (max-width: 152px) 100vw, 152px\" \/><\/a><br \/>\nAdh\u00e9rer<\/h2>\n<a href=\"?product=adhesion\" class=\"woo-sc-button  custom\" style=\"background:grey;border-color:grey\"><span class=\"woo-\">+<\/span><\/a>\n<p>&nbsp;<\/p>\n<div class=\"notranslate\"><\/div>\n<h2 style=\"text-align: justify;\"><img loading=\"lazy\" decoding=\"async\" class=\"wp-image-1498 size-thumbnail alignleft\" src=\"https:\/\/robindesbois.org\/echoppe\/wp-content\/uploads\/2019\/12\/couverture-atlas-business-especes-menacees-Robindesbois-150x150.jpg\" alt=\"\" width=\"150\" height=\"150\" srcset=\"https:\/\/robindesbois.org\/echoppe\/wp-content\/uploads\/2019\/12\/couverture-atlas-business-especes-menacees-Robindesbois-150x150.jpg 150w, https:\/\/robindesbois.org\/echoppe\/wp-content\/uploads\/2019\/12\/couverture-atlas-business-especes-menacees-Robindesbois-100x100.jpg 100w\" sizes=\"auto, (max-width: 150px) 100vw, 150px\" \/>Atlas du Business des Esp\u00e8ces Menac\u00e9es<\/h2>\n<p style=\"text-align: justify;\">Le nouvel Atlas de Robin des Bois traque et analyse le trafic d\u2019esp\u00e8ces animales embl\u00e9matiques comme les \u00e9l\u00e9phants et les rhinoc\u00e9ros, ou n\u2019ayant pas encore acc\u00e9d\u00e9 \u00e0 la renomm\u00e9e mondiale <span id=\"more-99717\"><\/span>comme les poissons-cardinaux de Bangga\u00ef, les chardonnerets \u00e9l\u00e9gants, les tortues \u00e9toil\u00e9es de l\u2019Inde et les totoabas. Les armes des braconniers -aussi diverses que les lances, les fusils semi-automatiques ou les pesticides organochlor\u00e9s purs-, les modes op\u00e9ratoires des petits trafiquants opportunistes ou des r\u00e9seaux criminels internationaux sont d\u00e9crits pour 32 esp\u00e8ces menac\u00e9es. Les fins de s\u00e9rie des marchandises courantes sont sold\u00e9es, les fins d\u2019esp\u00e8ces font monter les ench\u00e8res. Le business de l\u2019extinction \u00e9tend sa toile dans le monde entier.\u00a0Ecrit par l\u2019association Robin des Bois. Cartes de Julien Perreaut. Edition Arthaud. Parution 9 octobre 2019. <a href=\"?product=latlas-du-business-des-especes-menacees\" class=\"woo-sc-button  custom\" style=\"background:grey;border-color:grey\"><span class=\"woo-\">+<\/span><\/a><\/p>\n<h2><img loading=\"lazy\" decoding=\"async\" class=\"wp-image-344 alignleft\" src=\"https:\/\/www.robindesbois.org\/echoppe\/wp-content\/uploads\/2016\/04\/couv-atlas-france-toxique.png\" alt=\"couv-atlas-france-toxique\" width=\"172\" height=\"172\" srcset=\"https:\/\/robindesbois.org\/echoppe\/wp-content\/uploads\/2016\/04\/couv-atlas-france-toxique.png 993w, https:\/\/robindesbois.org\/echoppe\/wp-content\/uploads\/2016\/04\/couv-atlas-france-toxique-150x150.png 150w, https:\/\/robindesbois.org\/echoppe\/wp-content\/uploads\/2016\/04\/couv-atlas-france-toxique-100x100.png 100w, https:\/\/robindesbois.org\/echoppe\/wp-content\/uploads\/2016\/04\/couv-atlas-france-toxique-300x299.png 300w, https:\/\/robindesbois.org\/echoppe\/wp-content\/uploads\/2016\/04\/couv-atlas-france-toxique-768x766.png 768w\" sizes=\"auto, (max-width: 172px) 100vw, 172px\" \/><\/h2>\n<h2 style=\"text-align: justify;\">Atlas de la France Toxique<\/h2>\n<div>\n<p style=\"text-align: justify;\">Amiante, d\u00e9chets de guerre, mar\u00e9es noires, moustiques tigre, radioactivit\u00e9s, PCB, pesticides, traverses de chemin de fer\u2026<br \/>\nCe livre fond\u00e9 sur des recherches historiques et les derni\u00e8res actualit\u00e9s informe, \u00e9clabousse et alerte. Ecrit par l\u2019association Robin des Bois. Cartes de Julien Perreaut. Edition Arthaud. Parution 4 mai 2016. <a href=\"?product=atlas-de-la-france-toxique\" class=\"woo-sc-button  custom\" style=\"background:grey;border-color:grey\"><span class=\"woo-\">+<\/span><\/a><\/p>\n<p style=\"text-align: justify;\">\n<\/div>\n<h2><a href=\"https:\/\/www.robindesbois.org\/echoppe\/wp-content\/uploads\/2016\/11\/Le-cargo-de-la-honte2.jpg\"> <img loading=\"lazy\" decoding=\"async\" class=\"wp-image-608 alignleft\" src=\"https:\/\/www.robindesbois.org\/echoppe\/wp-content\/uploads\/2016\/11\/Le-cargo-de-la-honte2.jpg\" width=\"174\" height=\"194\" srcset=\"https:\/\/robindesbois.org\/echoppe\/wp-content\/uploads\/2016\/11\/Le-cargo-de-la-honte2.jpg 393w, https:\/\/robindesbois.org\/echoppe\/wp-content\/uploads\/2016\/11\/Le-cargo-de-la-honte2-300x336.jpg 300w, https:\/\/robindesbois.org\/echoppe\/wp-content\/uploads\/2016\/11\/Le-cargo-de-la-honte2-268x300.jpg 268w\" sizes=\"auto, (max-width: 174px) 100vw, 174px\" \/><\/a><br \/>\nLe cargo de la honte<\/h2>\n<p style=\"text-align: justify;\">L\u2019effroyable odyss\u00e9e du <em>Probo Koala<\/em>. \u00ab On ne sort pas indemne de ce voyage balzacien dans le sillage du <em>Probo Koala<\/em> \u00bb. Le Monde, 5 juin 2010.<br \/>\nBernard Dussol, grand reporter \u00e0 Thalassa et Charlotte Nithart, directrice de l\u2019association Robin des Bois. Avec la participation de Jacky Bonnemains et sous la direction de Herv\u00e9 Hamon. Parution mai 2010. Edition Stock. 249 pages. <a href=\"?product=le-cargo-de-la-honte\" class=\"woo-sc-button  custom\" style=\"background:grey;border-color:grey\"><span class=\"woo-\">+<\/span><\/a><\/p>\n<div class=\"notranslate\" style=\"all: initial;\"><\/div>\n","protected":false},"excerpt":{"rendered":"<p>Cette \u00e9choppe finance sans fuite les campagnes de l\u2019association Robin des Bois en faveur de l&rsquo;environnement et des populations. Huile de jojoba bio d&rsquo;Arizona Pour la peau, c\u2019est le meilleur moment de la nuit ou de la journ\u00e9e, quand elle re\u00e7oit s\u00e8che ou mouill\u00e9e quelques gouttes de cette huile venue du d\u00e9sert et d\u2019un arbuste [&hellip;]<\/p>\n","protected":false},"author":1,"featured_media":0,"parent":0,"menu_order":0,"comment_status":"closed","ping_status":"closed","template":"template-fullwidth.php","meta":{"footnotes":""},"class_list":["post-281","page","type-page","status-publish","hentry"],"_links":{"self":[{"href":"https:\/\/robindesbois.org\/echoppe\/index.php?rest_route=\/wp\/v2\/pages\/281","targetHints":{"allow":["GET"]}}],"collection":[{"href":"https:\/\/robindesbois.org\/echoppe\/index.php?rest_route=\/wp\/v2\/pages"}],"about":[{"href":"https:\/\/robindesbois.org\/echoppe\/index.php?rest_route=\/wp\/v2\/types\/page"}],"author":[{"embeddable":true,"href":"https:\/\/robindesbois.org\/echoppe\/index.php?rest_route=\/wp\/v2\/users\/1"}],"replies":[{"embeddable":true,"href":"https:\/\/robindesbois.org\/echoppe\/index.php?rest_route=%2Fwp%2Fv2%2Fcomments&post=281"}],"version-history":[{"count":213,"href":"https:\/\/robindesbois.org\/echoppe\/index.php?rest_route=\/wp\/v2\/pages\/281\/revisions"}],"predecessor-version":[{"id":4058,"href":"https:\/\/robindesbois.org\/echoppe\/index.php?rest_route=\/wp\/v2\/pages\/281\/revisions\/4058"}],"wp:attachment":[{"href":"https:\/\/robindesbois.org\/echoppe\/index.php?rest_route=%2Fwp%2Fv2%2Fmedia&parent=281"}],"curies":[{"name":"wp","href":"https:\/\/api.w.org\/{rel}","templated":true}]}}