{"id":94,"date":"2014-10-27T14:51:42","date_gmt":"2014-10-27T13:51:42","guid":{"rendered":"http:\/\/www.rdvademo.com\/robindesbois\/echoppe\/?post_type=product&#038;p=94"},"modified":"2026-02-05T14:56:37","modified_gmt":"2026-02-05T13:56:37","slug":"huile-de-jojoba-2","status":"publish","type":"product","link":"https:\/\/robindesbois.org\/echoppe\/?product=huile-de-jojoba-2","title":{"rendered":"Huile de Jojoba Bio"},"content":{"rendered":"<h3><strong>Propri\u00e9t\u00e9s<\/strong><\/h3>\n<p>Soins de la peau du visage et du corps en toutes saisons. \u00c9lasticit\u00e9, confort et protection. Pr\u00e9vention du vieillissement.<br \/>\nSoins et brillance des cheveux, \u00e9quilibre du cuir chevelu. Soins des mains. Massages. De 0 \u00e0 120 ans.<\/p>\n<p>Velout\u00e9. Respect de la nature de la peau et des cheveux. Apaisement des agressions climatiques et externes: apr\u00e8s-rasage, apr\u00e8s-\u00e9pilation, piq\u00fbres d\u2019insectes, coups de soleil et plaies superficielles, gels hydroalcooliques. Assouplissement des peaux s\u00e8ches (pieds, coudes, genoux et cuticules).<\/p>\n<p>Huile pure. \u00c9conome et \u00e9conomique. Extraordinaire diffusion percutan\u00e9e et lubrification. Base pour les huiles essentielles. Ne favorise pas la sensibilisation allergique. R\u00e9siste \u00e0 l\u2019oxydation. Ne rancit pas.<\/p>\n<p>L\u2019huile de Jojoba rend \u00e0 la peau ce que l\u2019arbre a pris \u00e0 l\u2019aridit\u00e9 du d\u00e9sert, une humidit\u00e9 secr\u00e8te et profonde qui gr\u00e2ce \u00e0 sa configuration mol\u00e9culaire prolonge et compl\u00e8te les capacit\u00e9s naturelles de la peau, du cuir chevelu et des cheveux.<\/p>\n<h3><strong>Cachalot \u00e0 b\u00e2bord !<\/strong><\/h3>\n<p><img loading=\"lazy\" decoding=\"async\" class=\" wp-image-1962 alignleft\" src=\"https:\/\/robindesbois.org\/echoppe\/wp-content\/uploads\/2014\/10\/cachalot-robindesbois.jpg\" alt=\"\" width=\"235\" height=\"108\" srcset=\"https:\/\/robindesbois.org\/echoppe\/wp-content\/uploads\/2014\/10\/cachalot-robindesbois.jpg 318w, https:\/\/robindesbois.org\/echoppe\/wp-content\/uploads\/2014\/10\/cachalot-robindesbois-300x138.jpg 300w\" sizes=\"auto, (max-width: 235px) 100vw, 235px\" \/><\/p>\n<p>Traqu\u00e9 \u00e0 travers les oc\u00e9ans \u00e0 partir de 1720, pill\u00e9 sur les plages apr\u00e8s les \u00e9chouages, achev\u00e9 \u00e0 coups de lances, de harpons manuels, de harpons-canons, de grenades explosives, longtemps consid\u00e9r\u00e9 comme un monstre marin batailleur et engloutisseur, en fait virtuose de la l\u00e9gitime d\u00e9fense individuelle et collective et t\u00e9moignant ainsi d\u2019une solidarit\u00e9 active envers ses cong\u00e9n\u00e8res bless\u00e9s et en p\u00e9ril, le Cachalot a longtemps \u00e9clair\u00e9 la terre avec des milliards de bougies et jusque dans les ann\u00e9es 1980, il a fait pour son malheur le bonheur de l\u2019industrie cosm\u00e9tique et pharmaceutique.<\/p>\n<p>Le spermaceti que le Cachalot adulte transporte dans la citerne de son immense caboche (t\u00eate) et qui lui sert de ballast pour plonger jusqu\u2019\u00e0 2 km de profondeur et y rester pendant 2 heures est devenu \u00e0 partir des ann\u00e9es 1930 le must des prestigieux fabricants de fards, de rouge \u00e0 l\u00e8vres et autres auxiliaires de la beaut\u00e9 f\u00e9minine et masculine.<\/p>\n<p>Par la faute de la disparition des Cachalots, l\u2019utilisation et la diffusion du spermaceti sont th\u00e9oriquement interdites dans l\u2019Union Europ\u00e9enne depuis 1981.<\/p>\n<p>Gr\u00e2ce \u00e0 Robin des Bois, 17 pommades et cr\u00e8mes contenant encore du spermaceti en 1985 ont chang\u00e9 de composition au plus tard en 1990 et la cire de Jojoba s\u2019est impos\u00e9e comme son substitut naturel.<\/p>\n<p>Robin des Bois, observateur \u00e0 la Commission Baleini\u00e8re Internationale, en fait la promotion depuis 1985.<\/p>\n<h3 style=\"text-align: left;\"><strong>Jojoba \u00e0 tribord !<\/strong><\/h3>\n<p><img loading=\"lazy\" decoding=\"async\" class=\"size-full wp-image-1963 alignright\" src=\"https:\/\/robindesbois.org\/echoppe\/wp-content\/uploads\/2014\/10\/jojoba-robindesbois-1.jpg\" alt=\"\" width=\"252\" height=\"132\" \/><\/p>\n<p>D\u2019une structure analogue \u00e0 celle du spermaceti, la cire v\u00e9g\u00e9tale de Jojoba est utilis\u00e9e depuis la nuit des temps par les am\u00e9rindiens <span class=\"aCOpRe\">Tohono O&rsquo;odham<\/span> pour enduire le corps et le cuir chevelu et apaiser les petites br\u00fblures.<\/p>\n<p>Improprement appel\u00e9 <em>Simmondsia chinensis<\/em> suite \u00e0 l\u2019\u00e9tourderie d\u2019un botaniste, le Jojoba est originaire du d\u00e9sert de Sonora qui s\u2019\u00e9tend du Sud-Ouest des \u00c9tats-Unis au Nord-Ouest du Mexique.<\/p>\n<p>Le Jojoba a d\u00e9velopp\u00e9 face \u00e0 la p\u00e9nurie d\u2019eau et aux canicules extr\u00eames, un extraordinaire sens de l\u2019\u00e9conomie et une adaptation pr\u00e9monitoire.<\/p>\n<p>Lorsqu\u2019elle germe, la graine du Jojoba a d\u00e9j\u00e0 des racines profondes de 50 cm et leur croissance est de 2,5 cm par jour. Haut de 1 \u00e0 3 m, l\u2019arbre a des racines qui vont chercher l\u2019humidit\u00e9 jusqu\u2019\u00e0 13 m de profondeur. Les feuilles autour de midi en \u00e9t\u00e9 se mettent \u00e0 la verticale pour \u00e9viter l\u2019exc\u00e8s de lumi\u00e8re solaire et se remettent \u00e0 l\u2019oblique en fin d\u2019apr\u00e8s-midi quand la photosynth\u00e8se est maximale.<\/p>\n<p>A l\u2019\u00e9tat sauvage, le Jojoba pousse au milieu d\u2019une flore et d\u2019une faune r\u00e9sistantes \u00e0 la s\u00e9cheresse, comme lui.<\/p>\n<h3 style=\"text-align: justify;\"><strong><span style=\"color: #333333;\">Qualit\u00e9 de l\u2019huile Robin des Bois<\/span><\/strong><\/h3>\n<p style=\"text-align: justify;\"><span style=\"color: #333333;\">L\u2019huile de jojoba s\u00e9lectionn\u00e9e par Robin des Bois provient directement du d\u00e9sert de Sonora, plus pr\u00e9cis\u00e9ment d\u2019Arizona (Etats-Unis d\u2019Am\u00e9rique). Cette origine garantit l\u2019authenticit\u00e9 et la qualit\u00e9 de l\u2019huile. Elle est pure. 100% des ingr\u00e9dients sont d\u2019origine naturelle et issus de l\u2019agriculture biologique (proc\u00e9d\u00e9 de fabrication contr\u00f4l\u00e9, caract\u00e9ristiques v\u00e9rifi\u00e9es par Bureau Veritas Certification France SAS selon le r\u00e9f\u00e9rentiel I-305 disponible sur <a href=\"https:\/\/www.bureauveritas.fr\/besoin\/certification-i-305\" target=\"_blank\" rel=\"noopener noreferrer\">https:\/\/www.bureauveritas.fr\/besoin\/certification-i-305<\/a>).<\/span><\/p>\n<p style=\"text-align: center;\"><img loading=\"lazy\" decoding=\"async\" class=\"wp-image-381 alignnone\" src=\"https:\/\/robindesbois.org\/echoppe\/wp-content\/uploads\/2014\/10\/jojoba-robindesbois2-300x200.jpg\" alt=\"jojoba-robindesbois2\" width=\"257\" height=\"171\" srcset=\"https:\/\/robindesbois.org\/echoppe\/wp-content\/uploads\/2014\/10\/jojoba-robindesbois2-300x200.jpg 300w, https:\/\/robindesbois.org\/echoppe\/wp-content\/uploads\/2014\/10\/jojoba-robindesbois2-768x512.jpg 768w, https:\/\/robindesbois.org\/echoppe\/wp-content\/uploads\/2014\/10\/jojoba-robindesbois2-1024x683.jpg 1024w, https:\/\/robindesbois.org\/echoppe\/wp-content\/uploads\/2014\/10\/jojoba-robindesbois2.jpg 1417w\" sizes=\"auto, (max-width: 257px) 100vw, 257px\" \/>\u00a0 <img loading=\"lazy\" decoding=\"async\" class=\"wp-image-454 alignnone\" src=\"https:\/\/robindesbois.org\/echoppe\/wp-content\/uploads\/2014\/10\/jojoba-robindesbois.jpg\" alt=\"jojoba-robindesbois\" width=\"269\" height=\"171\" srcset=\"https:\/\/robindesbois.org\/echoppe\/wp-content\/uploads\/2014\/10\/jojoba-robindesbois.jpg 800w, https:\/\/robindesbois.org\/echoppe\/wp-content\/uploads\/2014\/10\/jojoba-robindesbois-300x191.jpg 300w, https:\/\/robindesbois.org\/echoppe\/wp-content\/uploads\/2014\/10\/jojoba-robindesbois-768x489.jpg 768w\" sizes=\"auto, (max-width: 269px) 100vw, 269px\" \/>\u00a0 <img loading=\"lazy\" decoding=\"async\" class=\"wp-image-375 alignnone\" src=\"https:\/\/robindesbois.org\/echoppe\/wp-content\/uploads\/2014\/10\/colibris-anna-300x210.jpg\" alt=\"colibris-anna\" width=\"245\" height=\"171\" srcset=\"https:\/\/robindesbois.org\/echoppe\/wp-content\/uploads\/2014\/10\/colibris-anna-300x210.jpg 300w, https:\/\/robindesbois.org\/echoppe\/wp-content\/uploads\/2014\/10\/colibris-anna.jpg 515w\" sizes=\"auto, (max-width: 245px) 100vw, 245px\" \/><\/p>\n<h3 style=\"text-align: justify;\"><span style=\"color: #333333;\"><strong>Usage simple, efficace, interg\u00e9n\u00e9rationnel<br \/>\n<\/strong><\/span><\/h3>\n<p style=\"text-align: justify;\"><span style=\"color: #333333;\"><span style=\"text-decoration: underline;\">Visage\u00a0:<\/span> Quelques gouttes sur le visage le matin et\/ou le soir pour tous, apr\u00e8s-rasage pour les hommes.<\/span><br \/>\n<span style=\"color: #333333;\"> <span style=\"text-decoration: underline;\">Corps\u00a0:<\/span> Application apr\u00e8s la douche ou le bain, y compris pour les b\u00e9b\u00e9s. Pour les mains au quotidien ou apr\u00e8s un travail manuel. Sur le ventre et les cuisses des femmes enceintes pour favoriser l\u2019\u00e9lasticit\u00e9 de la peau et pr\u00e9venir les vergetures. Assouplissement des peaux tr\u00e8s s\u00e8ches (personnes \u00e2g\u00e9es, pieds, coudes, genoux \u2026). Apr\u00e8s l\u2019\u00e9pilation pour calmer l\u2019irritation et enlever les r\u00e9sidus de cire. L\u2019huile de jojoba est un excellent lubrifiant et facilite les massages.<\/span><br \/>\n<span style=\"color: #333333;\"> <span style=\"text-decoration: underline;\">Cheveux\u00a0:<\/span> massage du cuir chevelu et application sur les pointes 30 mn avant le shampoing. Masque de plusieurs heures conseill\u00e9 pour les cheveux secs et ab\u00eem\u00e9s.<\/span><\/p>\n<p style=\"text-align: justify;\"><span style=\"color: #333333;\">Les flacons sont en verre. Conservation \u00e0 l\u2019abri de la lumi\u00e8re conseill\u00e9e sur le long terme.<\/span><\/p>\n<p style=\"text-align: center;\"><img loading=\"lazy\" decoding=\"async\" class=\"wp-image-453 alignnone\" src=\"https:\/\/robindesbois.org\/echoppe\/wp-content\/uploads\/2014\/10\/jojoba2-robindesbois.jpg\" alt=\"jojoba2-robindesbois\" width=\"325\" height=\"206\" srcset=\"https:\/\/robindesbois.org\/echoppe\/wp-content\/uploads\/2014\/10\/jojoba2-robindesbois.jpg 1000w, https:\/\/robindesbois.org\/echoppe\/wp-content\/uploads\/2014\/10\/jojoba2-robindesbois-300x191.jpg 300w, https:\/\/robindesbois.org\/echoppe\/wp-content\/uploads\/2014\/10\/jojoba2-robindesbois-768x488.jpg 768w\" sizes=\"auto, (max-width: 325px) 100vw, 325px\" \/><\/p>\n<p style=\"text-align: center;\"><span style=\"color: #333333;\"><img loading=\"lazy\" decoding=\"async\" class=\"wp-image-377 alignnone\" src=\"https:\/\/robindesbois.org\/echoppe\/wp-content\/uploads\/2014\/10\/jojoba-robindesbois4-300x218.jpeg\" alt=\"jojoba-robindesbois4\" width=\"311\" height=\"226\" srcset=\"https:\/\/robindesbois.org\/echoppe\/wp-content\/uploads\/2014\/10\/jojoba-robindesbois4-300x218.jpeg 300w, https:\/\/robindesbois.org\/echoppe\/wp-content\/uploads\/2014\/10\/jojoba-robindesbois4.jpeg 704w\" sizes=\"auto, (max-width: 311px) 100vw, 311px\" \/> \u00a0<img loading=\"lazy\" decoding=\"async\" class=\"size-medium wp-image-393 alignnone\" src=\"https:\/\/robindesbois.org\/echoppe\/wp-content\/uploads\/2014\/10\/graine-robindesbois-300x225.jpg\" alt=\"graine-robindesbois\" width=\"300\" height=\"225\" srcset=\"https:\/\/robindesbois.org\/echoppe\/wp-content\/uploads\/2014\/10\/graine-robindesbois-300x225.jpg 300w, https:\/\/robindesbois.org\/echoppe\/wp-content\/uploads\/2014\/10\/graine-robindesbois-768x576.jpg 768w, https:\/\/robindesbois.org\/echoppe\/wp-content\/uploads\/2014\/10\/graine-robindesbois.jpg 1024w\" sizes=\"auto, (max-width: 300px) 100vw, 300px\" \/><br \/>\n<\/span><\/p>\n<p style=\"text-align: justify;\"><span style=\"color: #333333;\"><strong>Documents compl\u00e9mentaires:<\/strong><\/span><br \/>\n<a href=\"http:\/\/www.robindesbois.org\/wp-content\/uploads\/2014\/12\/jojoba.pdf\" target=\"_blank\" rel=\"noopener noreferrer\"><span style=\"color: #333333;\"> \u00ab\u00a0Robin des Bois pr\u00e9sente le jojoba\u00a0\u00bb, dossier, 1985. <\/span><\/a><br \/>\n<span style=\"color: #333333;\"><a href=\"http:\/\/www.robindesbois.org\/wp-content\/uploads\/2015\/06\/la-fleche-1-1986.compressed.pdf\" target=\"_blank\" rel=\"noopener noreferrer\"> \u00ab\u00a0Viva Jojoba\u00a0\u00bb, article dans le journal La Fl\u00e8che n\u00b01 de Robin des Bois, 1986<\/a>. Les autres articles parus dans la Fl\u00e8che sur ce sujet sont disponibles <a style=\"color: #333333;\" href=\"http:\/\/www.robindesbois.org\/category\/balisage\/faune\/baleines-et-mammiferes-marins\/\" target=\"_blank\" rel=\"noopener noreferrer\">dans la rubrique Baleines et mammif\u00e8res marins.<br \/>\n<\/a><a style=\"color: #333333;\" href=\"https:\/\/robindesbois.org\/echoppe\/wp-content\/uploads\/2014\/10\/lemonde1985.pdf\" target=\"_blank\" rel=\"noopener noreferrer\">\u00ab\u00a0Baleines en libert\u00e9\u00a0\u00bb, article dans Le Monde du 24 juillet 1985 (pdf).<\/a><\/span><br \/>\n<span style=\"color: #333333;\"> <a style=\"color: #333333;\" href=\"https:\/\/robindesbois.org\/echoppe\/wp-content\/uploads\/2014\/10\/quotmedecin1985.pdf\" target=\"_blank\" rel=\"noopener noreferrer\">\u00ab\u00a0Robin des Bois contre Roussel-Uclaf\u00a0\u00bb, article dans le Quotidien du M\u00e9decin, 24 juillet 1985 (pdf).<\/a><\/span><br \/>\n<span style=\"color: #333333;\"> <a style=\"color: #333333;\" href=\"https:\/\/robindesbois.org\/echoppe\/wp-content\/uploads\/2014\/10\/combaleine1993.pdf\" target=\"_blank\" rel=\"noopener noreferrer\">\u00ab\u00a0Baleines: la m\u00e9decine traditionnelle de Ciba-Geigy et de Roussel-Uclaf\u00a0\u00bb, communiqu\u00e9 Robin des Bois du 21 avril 1993 (pdf).<\/a><\/span><\/p>\n<p>&nbsp;<\/p>\n<p>Photos et dessins \u00a9 Robin des Bois, Gabriel Barathieu, BJ Stacey.<\/p>\n<p style=\"text-align: justify;\"><span style=\"color: #ffffff;\">9 f\u00e9vrier 2017<\/span><\/p>\n<p style=\"text-align: justify;\"><span style=\"color: #ffffff;\">huile de jojoba bio<\/span><\/p>\n<p>&nbsp;<\/p>\n<p>&nbsp;<\/p>\n<p>&nbsp;<\/p>\n<p>&nbsp;<\/p>\n","protected":false},"excerpt":{"rendered":"<p>La force hydratante venue du d\u00e9sert, pour vous, les cachalots et Robin des Bois L\u2019huile de jojoba s\u00e9lectionn\u00e9e par Robin des Bois se distingue par son origine g\u00e9ographique. Elle provient de l\u2019aire de distribution originelle du jojoba. La plantation cultiv\u00e9e en conformit\u00e9 avec les cahiers des charges de l\u2019agriculture biologique en vigueur aux Etats-Unis et [&hellip;]<\/p>\n","protected":false},"featured_media":1971,"comment_status":"closed","ping_status":"closed","template":"","meta":[],"product_brand":[],"product_cat":[6],"product_tag":[30,23,24,28,22,26,21,20,27,25,29],"class_list":{"0":"post-94","1":"product","2":"type-product","3":"status-publish","4":"has-post-thumbnail","6":"product_cat-jojoba","7":"product_tag-100-naturelle","8":"product_tag-bio","9":"product_tag-biologique","10":"product_tag-cachalot","11":"product_tag-cire","12":"product_tag-extra","13":"product_tag-huile","14":"product_tag-jojoba","15":"product_tag-pure","16":"product_tag-qualite-superieure","17":"product_tag-simmondsia-chinensis","18":"product_shipping_class-frais-de-port","20":"first","21":"instock","22":"shipping-taxable","23":"purchasable","24":"product-type-variable"},"_links":{"self":[{"href":"https:\/\/robindesbois.org\/echoppe\/index.php?rest_route=\/wp\/v2\/product\/94","targetHints":{"allow":["GET"]}}],"collection":[{"href":"https:\/\/robindesbois.org\/echoppe\/index.php?rest_route=\/wp\/v2\/product"}],"about":[{"href":"https:\/\/robindesbois.org\/echoppe\/index.php?rest_route=\/wp\/v2\/types\/product"}],"replies":[{"embeddable":true,"href":"https:\/\/robindesbois.org\/echoppe\/index.php?rest_route=%2Fwp%2Fv2%2Fcomments&post=94"}],"wp:featuredmedia":[{"embeddable":true,"href":"https:\/\/robindesbois.org\/echoppe\/index.php?rest_route=\/wp\/v2\/media\/1971"}],"wp:attachment":[{"href":"https:\/\/robindesbois.org\/echoppe\/index.php?rest_route=%2Fwp%2Fv2%2Fmedia&parent=94"}],"wp:term":[{"taxonomy":"product_brand","embeddable":true,"href":"https:\/\/robindesbois.org\/echoppe\/index.php?rest_route=%2Fwp%2Fv2%2Fproduct_brand&post=94"},{"taxonomy":"product_cat","embeddable":true,"href":"https:\/\/robindesbois.org\/echoppe\/index.php?rest_route=%2Fwp%2Fv2%2Fproduct_cat&post=94"},{"taxonomy":"product_tag","embeddable":true,"href":"https:\/\/robindesbois.org\/echoppe\/index.php?rest_route=%2Fwp%2Fv2%2Fproduct_tag&post=94"}],"curies":[{"name":"wp","href":"https:\/\/api.w.org\/{rel}","templated":true}]}}